Let q(r) = r**2 - 9330*r + 65281. Determine q(7).
20
Let w(f) = -79*f**2 + 4*f - 141. Give w(-5).
-2136
Let s(g) = -2*g**2 + 43*g + 1428. Determine s(-18).
6
Let b(k) = -2*k**3 - 123*k**2 - 315*k + 104. What is b(-59)?
1284
Let k(q) = q**3 - 4*q**2 - 40*q + 34. What is k(-6)?
-86
Let d(p) = 4713*p - 9763. Determine d(2).
-337
Let y(v) = 4*v**3 - 44*v**2 - 92*v - 1070. What is y(14)?
-6
Let a(m) = 13995*m - 8019141. Determine a(573).
-6
Let k(x) = 7*x**3 - 268*x**2 + 91*x - 573. Give k(38).
-3
Let s(b) = 25*b**3 - 22*b**2 + 67*b + 26. Determine s(4).
1542
Let z(x) = -499*x**3 + 2*x**2 - 8*x - 5. Calculate z(1).
-510
Let k(d) = d**3 + 24*d**2 - 2761*d - 23126. Calculate k(-8).
-14
Let k(a) = -18706*a + 56114. What is k(3)?
-4
Let x(h) = h**2 - 469*h - 18695. Determine x(-37).
27
Let n(o) = -o**3 + 10*o**2 + 6892*o + 20565. Determine n(-3).
6
Let k(w) = -w**3 - 80*w**2 - 722*w - 1552. What is k(-70)?
-12
Let u(l) = 140191*l + 11. Calculate u(0).
11
Let a(b) = 54*b**2 + 3210*b + 12805. What is a(-4)?
829
Let z(m) = 13*m**2 - 503*m - 3538. Give z(-7).
620
Let v(h) = -5*h**3 - 3*h**2 - 212*h - 1116. What is v(-6)?
1128
Let q(v) = -2859*v - 57189. Determine q(-20).
-9
Let g(k) = -6*k**2 + 47*k - 141. Determine g(7).
-106
Let z(b) = -31*b + 2583. Determine z(84).
-21
Let z(b) = 2*b**2 - 156*b + 2315. Determine z(39).
-727
Let s(r) = 3*r**2 + 269*r - 7163. Determine s(25).
1437
Let o(a) = a**2 - 3838*a - 7. Give o(0).
-7
Let m(d) = 5294*d - 24788. Determine m(5).
1682
Let p(o) = -46*o**2 + 5241*o - 29794. Determine p(6).
-4
Let h(s) = -s**3 + 5*s**2 - 1113*s + 6682. What is h(6)?
-32
Let c(k) = k**3 - k**2 + 4*k + 8. Calculate c(8).
488
Let n(g) = -g**3 + 281*g**2 + 3198*g + 10. Calculate n(-11).
164
Let k(o) = -2*o**2 + 149*o + 947. Calculate k(83).
-464
Let c(s) = 14*s**3 + 1557*s**2 + 298*s - 3885. What is c(-111)?
0
Let c(o) = 445*o**2 - 2020*o - 82. Give c(5).
943
Let k(v) = 2*v**3 + 48*v**2 + 231*v - 41. Give k(-9).
310
Let v(p) = p**3 + 31*p**2 + 132*p - 59. Calculate v(-18).
1777
Let k(b) = 330*b - 12818. Give k(39).
52
Let r(i) = -i**3 - 15*i**2 - 333*i - 5071. Give r(-15).
-76
Let g(y) = -y**3 - 21*y**2 + 88*y + 553. What is g(-24)?
169
Let s(j) = -j**3 - 209*j**2 - 1832*j - 52. Calculate s(-9).
236
Let q(m) = -1493*m + 35683. Give q(24).
-149
Let w(y) = -89*y**2 - 70576*y + 888. Give w(-793).
95
Let f(r) = 27*r**2 + 11234*r - 33937. Give f(3).
8
Let f(r) = 30*r**2 - 1867*r - 11760. Determine f(68).
4
Let d(b) = b**3 - 193*b**2 - 3804*b + 1262. Give d(211).
-4
Let k(a) = 3*a**3 + 131*a**2 + 8*a - 441. What is k(-43)?
2913
Let b(h) = -5*h**2 + 9192*h + 266970. Determine b(1867).
-11
Let w(n) = -n**3 - 4*n**2 - 343*n - 2056. Give w(-6).
74
Let a(x) = -13499*x - 36257. Give a(-3).
4240
Let x(c) = c**3 - 148*c**2 - 771*c - 23557. What is x(154)?
5
Let q(p) = -p**3 - 85*p**2 - 126*p + 9805. Determine q(-82).
-35
Let k(o) = 12*o**2 + 485*o - 4984. Determine k(8).
-336
Let c(y) = -3*y**2 - 1204*y - 34439. Determine c(-31).
2
Let f(q) = q**3 - 18*q**2 + 36*q + 294. Determine f(6).
78
Let g(m) = -31*m**2 - 2178*m - 13. Determine g(-70).
547
Let v(z) = -4*z**2 + 368*z + 7930. Determine v(-18).
10
Let w(a) = -a**2 + 3270*a - 42330. What is w(13)?
11
Let r(u) = 4631*u - 1162368. Give r(251).
13
Let x(a) = -227*a - 12358. Give x(-56).
354
Let q(j) = 376*j + 5353. Give q(-14).
89
Let o(b) = -397*b + 32559. Give o(82).
5
Let o(d) = -24*d**2 - 952*d - 7022. Calculate o(-10).
98
Let s(r) = r**3 + 26*r**2 - 768*r - 173. Give s(-44).
-1229
Let i(l) = 39*l**2 - 416*l - 1018. What is i(-2)?
-30
Let q(w) = 4305*w + 25797. What is q(-6)?
-33
Let m(h) = 569*h - 116. What is m(0)?
-116
Let t(a) = -a**3 - 12*a**2 + 140*a + 1563. Calculate t(-11).
-98
Let n(o) = -6*o**2 + 4082*o + 52652. Give n(693).
-16
Let t(l) = 2660*l - 180898. Calculate t(68).
-18
Let k(z) = 3*z**3 - 14*z**2 + 6*z - 60. Calculate k(7).
325
Let v(o) = -o**2 - 164*o - 3720. Give v(-25).
-245
Let s(o) = -2*o**3 - 46*o**2 + 3958*o + 88024. Determine s(-22).
-20
Let k(a) = 1719*a + 180500. Determine k(-105).
5
Let b(z) = -z**3 - 63*z**2 - 46*z + 586. Determine b(-62).
-406
Let v(b) = b**3 - 35*b**2 + 295*b + 91. Determine v(21).
112
Let g(p) = -p**3 + 144*p**2 - 5006*p + 111. What is g(86)?
-1437
Let n(y) = -y**2 - 558*y + 49479. What is n(77)?
584
Let v(a) = -6*a**3 + 271*a**2 - 167*a + 5486. What is v(45)?
-4
Let s(k) = -744*k + 9046. Give s(11).
862
Let x(t) = 2*t**3 + 66*t**2 + 408*t + 1157. Determine x(-26).
13
Let u(c) = 4155*c - 303310. What is u(73)?
5
Let k(h) = -h**3 + 30*h**2 + 33*h + 1766. Give k(33).
-412
Let g(y) = y**3 - 127*y**2 + 251*y + 23. What is g(125)?
148
Let g(c) = -c**2 + 35*c - 137. Determine g(-8).
-481
Let i(o) = -o**3 + 242*o**2 + 1861*o - 29394. Determine i(249).
-12
Let u(r) = r**3 - 35*r**2 - 676*r - 452. Give u(49).
38
Let f(g) = 665*g**2 - 675*g - 6. Calculate f(1).
-16
Let m(n) = -84*n**2 - 1915*n + 76. Give m(-23).
-315
Let s(u) = u**3 - 20*u**2 + 21482*u + 195679. Give s(-9).
-8
Let j(y) = 315982*y - 315987. Determine j(1).
-5
Let h(j) = 170*j**2 + 378*j + 1629. Calculate h(-5).
3989
Let d(h) = -135780*h - 42363356. Give d(-312).
4
Let v(m) = 89*m**2 - 26695*m - 1499. Determine v(300).
1
Let u(y) = -y**2 + 311*y + 98706. Calculate u(-195).
36
Let t(l) = 3*l**2 - 146*l + 336. Determine t(47).
101
Let s(n) = -74*n**2 - 17996*n - 17997. Determine s(-1).
-75
Let r(t) = -t**3 - 82*t**2 - 141*t + 1223. Determine r(-80).
-297
Let w(v) = 29775*v + 1965243. Determine w(-66).
93
Let l(z) = z**2 + 510*z + 50741. Determine l(-135).
116
Let a(l) = -942*l + 100792. Give a(107).
-2
Let r(c) = c**3 - 3*c**2 - 79*c + 425. What is r(6)?
59
Let j(v) = 2*v**3 - 372*v**2 - 8227*v - 2748. Determine j(206).
-70
Let t(x) = -6438*x + 32198. Calculate t(5).
8
Let z(l) = 1866*l - 1005763. What is z(539)?
11
Let u(l) = 17*l**2 - 1703*l + 13900. Calculate u(9).
-50
Let h(f) = -2*f**2 - 298*f + 18484. Calculate h(-196).
60
Let g(r) = -2*r**3 - 53*r**2 + 250*r + 7267. Determine g(-26).
91
Let l(t) = -63349*t - 253406. Calculate l(-4).
-10
Let c(q) = -23719*q**2 + 47576*q - 278. What is c(2)?
-2
Let q(t) = -3380*t + 28001. Give q(7).
4341
Let h(o) = 18727*o + 262240. Determine h(-14).
62
Let t(p) = 29*p**2 - 2976*p + 4811. Give t(101).
64
Let j(o) = -1771*o + 234268. Give j(132).
496
Let p(f) = -2061*f + 20520. What is p(10)?
-90
Let b(w) = -w**3 + 243*w**2 + 1278*w + 21. Give b(-5).
-169
Let t(f) = 345*f - 12084. Give t(33).
-699
Let n(t) = -521*t - 41312. What is n(-76)?
-1716
Let l(p) = 19*p**3 - 35*p**2 + 112*p + 12. Determine l(0).
12
Let b(g) = -g**2 - 5024*g - 55165. Calculate b(-11).
-22
Let g(t) = -1605*t**2 - 86656*t + 761. Give g(-54).
5
Let r(n) = 48931*n - 880765. What is r(18)?
-7
Let l(d) = 8*d**2 - 69*d + 448. What is l(4)?
300
Let z(t) = -32*t**2 - 25*t - 57. Determine z(-4).
-469
Let v(y) = 35*y**3 - 6*y**2 - 1528*y - 1531. Give v(-1).
-44
Let f(n) = 257*n + 1855. What is f(-10)?
-715
Let v(i) = -i**3 + 31*i**2 - 256*i + 4796. What is v(28)?
-20
Let k(r) = -r**2 - 52*r - 1636. Determine k(-46).
-1360
Let o(l) = -3*l**3 + 3*l**2 - 70*l - 438. Give o(-6).
738
Let h(z) = -6*z**2 - 150*z + 1833. What is h(-34)?
-3
Let d(o) = -134539*o + 17624611. Calculate d(131).
2
Let c(n) = n**2 - 2699*n - 190903. What is c(-69)?
89
Let t(i) = 40*i**2 + 9990*i - 2472. Calculate t(-250).
28
Let t(g) = 91*g**2 + 19030*g + 2302. Give t(-209).
3
Let h(f) = 114*f**2 + 7658*f + 123932. Give h(-40).
12
Let v(l) = -194*l**2 - 931*l - 347. Determine v(-4).
273
Let f(n) = 14*n**2 + 378*n + 43. Calculate f(-16).
-2421
Let m(l) = -2793*l + 52982. Calculate m(19).
-85
Let i(c) = -c**2 + 352*c + 35560. Determine i(-82).
-28
Let m(g) = -1888*g - 58498. Calculate m(-31).
30
Let i(d) = -17346*d + 815263. Calculate i(47).
1
Let t(b) = -3*b**3 + 139*b**2 + 28*b - 3465. What is t(46)?
-61
Let h(r) = 4337*r + 82495. Give h(-19).
92
Let j(q) = 10*q**2 - 964*q - 22887. Calculate j(116).
-151
Let s(i) = -67*i**2 + 394*i - 51. Determine s(5).
244
Let k(i) = 201753*i - 10087658. Give k(50).
-8
Let g(v) = -14*v**2 - 13*v + 137. Give g(10).
-1393
Let b(n) = 4*n**3 + 127*n**2 - 488*n + 3. Calculate b(4).
339
Let k(w) = 10*w**2 + 1488*w - 82475. What is k(43)?
-1
Let u(q) = 4831*q + 971007. What is u(-201)?
-24
Let r(c) =